j**3/6 - 15*j**2/2 + 12*j. Calculate f(n).
-1
Suppose 1195 = 3*h + 2*x, 4*h - 1832 = 2*x - 248. Let j(s) = -204*s - s**2 + 1 - 200*s + h*s. What is j(-6)?
7
Let r(m) = -5*m**2 + 7*m**2 + 2*m - 3 + 7. Let d(z) = -360*z - 1084. Let w be d(-3). What is r(w)?
28
Let s(y) = -y**2 + 153*y + 1459. Let k be s(-9). Let x(d) = 7*d**3 - 3*d**2 + 7*d - 5. Calculate x(k).
6
Let p(b) be the first derivative of -b**3/3 + 2*b**2 + 4*b + 4. Let l be 9 + -7 + 3 + 2 - 2. Let i be (-10*l/(-30))/(1/3). Calculate p(i).
-1
Let q(p) = -6*p - 123 + 2*p + 3*p - p + 25. Let a be q(-52). Let j(n) = -n**3 + 7*n**2 - 7*n + 3. Determine j(a).
-3
Let b = 127 + -90. Suppose 0 = 23*z + b + 32. Let r(f) = -f**3 - f**2 - 4*f. Determine r(z).
30
Let x = -29 - -24. Let p(c) = -3*c**2 + 9*c + 5. Let t(v) = -4*v**2 + 9*v + 4. Let o(f) = x*p(f) + 4*t(f). What is o(-6)?
9
Let u be -8 - (18/(-10))/((-141)/(-470)). Let w(q) be the first derivative of -q**4/2 - 5*q**3/3 - 2*q**2 + 2*q - 5. Determine w(u).
6
Suppose 114 - 447 = -111*b. Let d(y) be the third derivative of -22*y**2 + 0*y + 1/3*y**b + 0 + 1/12*y**4 - 1/60*y**5. Calculate d(4).
-6
Let m(b) be the third derivative of 12*b**2 + 0*b + 0 + 1/24*b**4 + 2/3*b**3. Calculate m(-6).
-2
Let c be (-72)/(-33) + (-6)/33. Let m be (-10 + 9)*(c - 9). Let f(y) be the second derivative of y**5/20 - 2*y**4/3 + y**3 + y**2 + 10*y + 1. What is f(m)?
-5
Let k(b) = -b**2 - 12*b - 19. Let x = -3839 + 3832. Determine k(x).
16
Let l(m) = m + 7. Suppose 4*u + 20 + 0 = 0. Let j be l(u). Suppose j*v - 6*v = 0. Let t(z) = z**2 + z - 4. What is t(v)?
-4
Let b(x) be the third derivative of x**4/6 + 5*x**3/3 - 19*x**2 + 17. Suppose 2*a = -28 + 20. Determine b(a).
-6
Let w(z) = -z - 4. Suppose -24 = 2*j + 206. Let t = j - -118. Calculate w(t).
-7
Let d(f) = -7*f**2 - 3 + 3*f - f**3 + 3*f - 4*f. Suppose -p + g = -4*p - 4, -3*g = 3*p. Let m be (-35)/p*(-3)/15*2. Determine d(m).
-17
Suppose -5*c - 28 = -3*u, 110*c = -2*u + 113*c + 19. Let d(r) = -9*r + 90. Calculate d(u).
-9
Suppose 0 = -0*i + i - 51. Let d = i + -46. Let u(b) = 1 - 9*b + b**2 + 3*b - 4 + d. What is u(5)?
-3
Let i(v) be the second derivative of -v**5/20 + v**4/6 + v**3/2 - v**2 + v - 9672. Let c = 6 - 4. Determine i(c).
4
Let v be (-6)/9 + 35/3. Let b = -3368 + 3370. Suppose p - 6*p + c = v, 3*p + 1 = b*c. Let l(u) = -u**3 - 2*u**2 + 2*u - 1. What is l(p)?
2
Let y(w) = -4*w + 7. Suppose 201 = 13*l - 163. Suppose l*c - 45 = 19*c. Give y(c).
-13
Let n(a) = -7348*a - 7345. Let u be n(-1). Let z(j) be the second derivative of -11*j**3/6 + 2*j**2 + 2*j. Determine z(u).
-29
Let i(y) be the third derivative of -4/3*y**3 + 0 + 7/24*y**4 + 0*y - 98*y**2 + 1/60*y**5. What is i(-8)?
0
Let r(t) = 2*t - 6. Let d(k) = 5*k - 9. Let s(j) = d(j) - 3*r(j). Determine s(14).
-5
Let f(u) be the first derivative of -u**4/2 - 13*u**3 + 32*u**2 + 17*u + 923. Determine f(-21).
-4
Let n(z) = z - 12. Let m(x) = -x**3 + 9*x**2 + 7*x + 34. Let f be m(10). Let o be 2 + f - (3 + 6/(-2)). What is n(o)?
-6
Let u(m) = -20 + 99*m - 81*m + 22. Determine u(-9).
-160
Suppose 2 + 0 = -q. Let o = 573 - 571. Let d(n) = -3 - n + 1 - 4*n**2 + o*n**2. Give d(q).
-8
Let d(c) = -c**3 + 7*c**2 - 6*c + 4. Let m(a) = a**2 - 5*a - 9. Let v be m(8). Let w(r) = -r**3 + 15*r**2 + 2*r - 25. Let f be w(v). Calculate d(f).
24
Let c(x) = 174*x**2 + 109*x - 16. Let v(l) = 49*l**2 + 36*l - 5. Let n(r) = 2*c(r) - 7*v(r). Calculate n(8).
51
Let m = -6 - -4. Let z(s) = -s**3 - 2*s**2 - 2*s + 1. Let c(y) = 2*y**2 + y + 2. Let p(i) = c(i) - z(i). Calculate p(m).
3
Suppose 2*x - j = 19, 3*x - 8*x + 2*j = -45. Let f(d) = 2028 + 2004 - 7*d + d**2 + 2002 - 6039. Calculate f(x).
-5
Let n be (-30)/10 - -1*10/2. Suppose 3*i - r - 38 = -6*r, 3*i - 4*r - n = 0. Let j be -2 - (i + (-1 - 1)). Let c(t) = t**3 + 5*t**2 - 7*t - 4. Calculate c(j).
2
Let n = -491977 + 491972. Let i(l) = -5*l**2 - 9*l + 7. Let u(f) = -f**2 - f. Let s(a) = i(a) - 4*u(a). Give s(n).
7
Let p(y) = 4*y**3 - 43*y**2 + 10*y - 7. Let f(r) = 23*r**3 - 226*r**2 + 51*r - 34. Let u(t) = -2*f(t) + 11*p(t). Determine u(-11).
24
Suppose -7 = -n + 4*u + 9, -5*n = 4*u - 8. Let w(b) be the first derivative of -b**3/3 + b**2 + 5*b - 246. Give w(n).
-3
Suppose 0 = -6*y - 2 + 26. Suppose 2*a - 6*a + y = 0. Let s(t) = -29*t - 29*t + 48*t. Determine s(a).
-10
Suppose 0 = 2*u - p - 15, 25 = 3*u - p. Let q(n) = 14 + 1 + 4 - n - 11. Determine q(u).
-2
Let a(f) = f**3 + f**2 - f. Let l(c) = -7*c**3 - 9*c**2 + 6*c - 8. Let r(n) = -5*a(n) - l(n). Calculate r(-4).
-52
Let l(f) = f**3 - f**2 - 2*f - 8. Suppose -31*y - 5*a = -32*y, 0 = -y - 0*y - 3*a. What is l(y)?
-8
Let n(a) = -2*a**3 - 16*a**2 + 24*a - 31. Let v(q) = -q**3 - 8*q**2 + 13*q - 16. Let t(i) = 3*n(i) - 5*v(i). Determine t(-9).
5
Let r(d) = -d**3 - 4*d**2 - d - 2. Suppose -3*x = -3 - 12, 0 = 2*o + 5*x - 47. Suppose o*i = i - 40. Give r(i).
2
Let g(y) = -y**2 + 7*y - 5. Suppose -13*c + 21*c = 82*c - 370. What is g(c)?
5
Let g(f) = 4*f**2 - 15*f - 4. Let j(w) = 185*w + 2*w**2 + 278 - 280 - 192*w. Suppose 7*z - 2*z = 65. Let m(p) = z*j(p) - 6*g(p). What is m(-2)?
8
Let a(n) = n**2 + 5*n - 6. Suppose -10 = 5*d, -2*g + g = -4*d - 1. Let p(j) = 11*j + 24. Let c be p(g). Let s = -58 - c. Calculate a(s).
-6
Let y(o) = o**3 + 4*o**2 - 2. Let c = -36 - -39. Suppose r - 28 + 25 = 0. Suppose -4 = c*s + 8, v = r*s + 9. Calculate y(v).
7
Let i = -112 - -117. Let v(c) = -i - 3 + 7 + 2*c - 4*c. What is v(-4)?
7
Suppose -3*h + 6*h = 5*m + 31, 5*m = -5*h - 55. Let q(p) = 15*p**2 - 12*p**2 + 10*p + 11*p - 15*p - 7*p**2 - 4 + 5*p**2. Determine q(m).
12
Let z(d) = 7*d**2 - 3*d. Let g(i) = -10*i**2 + 4*i. Let k(b) = 5*g(b) + 7*z(b). Let m(y) = 2*y**2 - 332*y + 5068. Let n be m(17). What is k(n)?
-6
Let w(k) = 30 + 39 + 15*k**2 - 16*k**2 + 10*k. Let n be w(-5). Let q(d) = -d**3 - 5*d**2 + 7*d - 4. Give q(n).
-10
Suppose 100 = -19*i + 24. Suppose z + 5 = 15. Let d be (24/z)/(i/(-10)). Let p(f) = f**2 - 6*f - 7. What is p(d)?
-7
Let f(p) = p**3 - 8*p**2 + 8*p - 4. Suppose 8*c - 44 = 4*c. Suppose 2*b + c = 3*a, -5*a + 2*a - 5*b + 46 = 0. What is f(a)?
3
Let i be (-8)/((-8)/3) - -2. Let d(h) = 59*h**3 - h**2 + 2*h. Let m be d(2). Let x(r) = 5 + m*r + 2 - 475*r. Determine x(i).
-8
Let l(y) = 2*y**2 - 5*y - 11. Suppose 87 = -9*f + 69. What is l(f)?
7
Let t(w) = -w + 2. Let m be (4/(-10))/(13/65)*-9. Suppose -m - 38 = -7*c. Give t(c).
-6
Suppose -12 = 4*h, -2*h = 4*m - 4*h - 102. Let l(z) = 17*z - 8*z - 2*z + m*z. Calculate l(-1).
-31
Let r = 16 + -7. Let z(d) = -d**2 - 2. Let w(c) = -4*c**2 + 9*c + 1. Let j(u) = -w(u) + 3*z(u). Calculate j(r).
-7
Let z(k) = 2*k**3 - 9*k**2 + 7*k - 1. Suppose -q = 2*p - 3, 11 = 2*p + 5*q + 20. Calculate z(p).
-7
Let m(x) = 6*x + 1 - 3 + 3. Suppose 2*r + 5 = -o - 4, 4*o - 30 = 3*r. Let a be (-6)/8 - r/(-24). Determine m(a).
-5
Let l = 1676 + -1678. Let o(m) = -2*m**2 + 1. Calculate o(l).
-7
Let z(t) = -t + 2. Let r be z(0). Suppose r*x - 11 - 3 = 0. Let d(a) = 73*a + 1. Let b(f) = 12*f. Let s(h) = 6*b(h) - d(h). Calculate s(x).
-8
Let b(r) be the first derivative of -5*r**2/2 - 71*r - 1656. Determine b(-13).
-6
Let w(u) = 7*u**2 + 14*u**2 - 50 + 72*u - 48 - 75*u + 35 + u**3. Determine w(-21).
0
Let o(k) = -k**2 + 9*k + 19. Let t be ((-245)/(-35))/((-35)/(-55)). Determine o(t).
-3
Suppose -6*b + 13*b = -7. Let k(l) be the third derivative of 0*l**3 + 0*l - 11*l**2 - 5/24*l**4 + 0. Give k(b).
5
Suppose -4*l + 2 = 3*u - 4, -5*u = 5*l - 10. Let x be 4/2 + (-5 + 4)*u. Let n(a) = 8 + 9 - 1 - a. Calculate n(x).
16
Let n(c) be the third derivative of -c**6/360 - c**5/30 + 17*c**4/6 - 6*c**2 - 12*c. Let a(w) be the second derivative of n(w). Calculate a(-5).
6
Let j = 3054 - 3049. Let m(n) = 15*n - 16. Calculate m(j).
59
Let s(m) = 37*m**2 - 17*m + 16. Let u(b) = 33*b**2 - 16*b + 16. Let a(i) = 8*s(i) - 9*u(i). Give a(5).
-1
Let c(m) = -3*m**3 + 2*m**3 - 299436*m**2 + 2*m + 299435*m**2 + 3. Suppose 6*v + 30 = v. Let x = -8 - v. Calculate c(x).
3
Let u(d) = -12*d - 6*d**2 - 5*d**3 + 6*d**3 + 4 + 2*d**2. Let r be u(6). Suppose 5*i = -24 + r. Let o(v) = -v**2 - 1. Determine o(i).
-17
Let m = -8 - -2. Let r(s) = -4*s**3 - 17*s**2 + 14*s + 1. Let o be r(-5). Let u(x) = x**3 - 8*x**2 - 5*x + o*x + 5 + 14*x**2. Give u(m).
-1
Suppose 2*u = 0, 61*d - 66*d - 4*u = -15.